4*z + 3 + 4*z**2 - z**2 + 0*z**2. What is the units digit of o(-2)?
7
Let z(a) = a**3 - 6*a**2 + 4*a - 18. Let g be z(6). Suppose -77 + 281 = g*d. What is the tens digit of d?
3
Let r = -2798 + 5587. What is the tens digit of r?
8
Let b(k) = -2*k**2 + k + 5. Let q be b(0). Suppose 2*m = -m + 2*v + 48, 0 = -m - q*v + 33. Suppose h = m + 14. What is the units digit of h?
2
Let f(j) = 2*j**3 - j**2 + 9*j - 12. What is the thousands digit of f(8)?
1
Suppose 5*q = -y + 1728, -3*q + 6929 = 151*y - 147*y. What is the tens digit of y?
3
Suppose 0 = -3*a + 7*a - 44. Let j = -1 + a. What is the units digit of -2*(4/4 - j)?
8
Suppose -3*u + 4*y - 53 = 3*y, -95 = 5*u - 5*y. Let s = u + 17. Suppose 0 = -4*p + n + 49, -3*p + 4*n = -s*p - 53. What is the tens digit of p?
1
Let s = 820 - 577. What is the units digit of s?
3
Suppose -z = 5*p - 598, -3*p = -2*z + 157 + 1104. What is the hundreds digit of z?
6
What is the hundreds digit of ((-164)/(-40) - 3/5)*82?
2
Let t(c) = 6*c**2 - c - 5. Let s(o) = 7*o**2 - o - 6. Let q(i) = -5*s(i) + 6*t(i). Let j be q(1). Suppose 0 = -j*y + 3*y - 42. What is the units digit of y?
4
Let r(n) = 624*n**3 - n**2 - 4*n + 1. What is the units digit of r(2)?
1
Suppose 31*z - 742 = 29*z. What is the tens digit of z?
7
Let g(x) = x**2 + 21*x + 87. What is the units digit of g(-35)?
7
Suppose 9*p - 36 = 6*p. Let s = p - 7. Suppose s*q + 12 = 62. What is the units digit of q?
0
Suppose -2*q - 11 + 1 = 0. Let t(o) = -2*o**2 - 5*o - 3. Let p be t(q). What is the units digit of (4/4)/((-2)/p)?
4
Let a(b) = -b**2 + 12*b - 20. Let t be a(8). What is the units digit of (1 - (-37)/3)*81/t?
0
Let p be 18/(-48) - 9/(-24). Let w be p - 2/(-8)*0. Suppose w = 3*s + 3*s - 90. What is the units digit of s?
5
Suppose 6*k + 100 = 274. Suppose 31*z = k*z + 254. What is the units digit of z?
7
Suppose 0 = -71*t + 69*t + 1328. What is the tens digit of t?
6
Suppose -l + 4 = 3*l. Let k(q) = 9*q**2 + q - 1. Let g be k(l). Suppose 4*f + g + 19 = 2*u, 4*f + 24 = u. What is the units digit of u?
4
Suppose 0 = -5*r, 0 = -5*s + 4*s + r + 45. Let b = s + 87. What is the units digit of b?
2
Let c be (-9)/(12/(-4)) + 16. What is the units digit of c/(-3)*(-8 - -5)?
9
What is the thousands digit of (48346/115)/((-2)/(-10))?
2
Let m(l) be the third derivative of l**4/24 + 7*l**3/6 + 7*l**2. Let s be m(-4). Suppose 2*v + s*v = 135. What is the tens digit of v?
2
Let o(w) be the third derivative of -9*w**2 + 11/24*w**4 + 0*w + 0 + 0*w**3. What is the tens digit of o(3)?
3
Let c = 26 + -64. Let h(w) = w**2 + 42*w + 37. Let s be h(-39). Let i = c - s. What is the tens digit of i?
4
Let n = -16 - -69. Suppose 3*q - 4*q = -n. What is the units digit of q?
3
Let p(f) = 12*f**2 + 10*f - 1. What is the tens digit of p(-2)?
2
Let o(c) = 3*c**2 - 19*c - 7. Let j be o(6). What is the units digit of (j/3)/((-708)/234 + 3)?
9
Suppose -16 = -7*i + 12. Suppose 2*b = i*t + 26, -4*b + 0*t - t = -16. What is the units digit of b?
5
Suppose 641 - 98 = j - 4*q, 5*j - 2600 = -3*q. What is the units digit of j?
3
Suppose 437*w - 427*w - 1870 = 0. What is the tens digit of w?
8
Let p be -3 + 5 + 13/1. Let z be (-6)/p - 110/(-25). Suppose 0*h + u = -z*h + 6, 0 = 5*h - u - 12. What is the units digit of h?
2
Suppose -42*f - 418 = -44*f. What is the tens digit of f?
0
Let m(g) = -g - 1. Let n = 33 + -36. Let p be m(n). Let x = 20 - p. What is the units digit of x?
8
Let x(n) = 2*n**2 + 12*n + 33. Let f be x(-11). Let t = f - 59. What is the tens digit of t?
8
Let m(o) = 15*o**2 - 16*o - 144. What is the thousands digit of m(10)?
1
Suppose 5*y + 2*q + 26 = 0, 0 = -2*y - y + 4*q - 26. Let v = 0 - y. Suppose 3*s - 42 = -v. What is the units digit of s?
2
Let a be 6/15 + (-2873)/(-5). Suppose -p = -2*i - 190, 2*p = -p + i + a. What is the units digit of p?
2
Let u(f) = 59*f - 10. Let h be u(6). Let g = h - 129. What is the tens digit of g?
1
Suppose 21*g - 57*g = -18756. What is the tens digit of g?
2
Suppose 2*t - 8*t = -180. Let x = t - 2. What is the tens digit of x?
2
Let n = 3 - 8. Suppose -4*p - 17 = -6*l + 3*l, -3*p = -l + 14. What is the tens digit of (-1)/l*(n + 40)?
3
Let l be 4 - (-9)/2*4. Suppose -601 = -5*h - d, 582 = 5*h + 4*d - l. What is the tens digit of ((-8)/(-5))/(3/h)?
6
Let g(m) = -10*m - 1. Let c be g(2). What is the tens digit of 643*(-1)/(-7) + (-3)/c?
9
What is the thousands digit of ((-1149)/(-12))/(((-152)/160)/(-19))?
1
Suppose 4*z + 5 = -7. Let f be (1 - z)*-1 + -20. What is the tens digit of f/10*80/(-6)?
3
Let m = 457 + -71. What is the hundreds digit of m?
3
What is the tens digit of (-1804)/(-6) - (55/(-15))/11?
0
Let i be 0 + (-36)/(-2) + 0. Suppose -14*p - i = -17*p. Let w = p + 0. What is the units digit of w?
6
Let s(l) = 2*l**2 - 31*l + 67. What is the tens digit of s(20)?
4
Suppose -4*f + 607 = 3*s, -5*s = 2*f - 2*s - 299. Let t = f - -58. What is the hundreds digit of t?
2
Let l(r) = -5*r**3 + r**2 + r + 1504. What is the thousands digit of l(0)?
1
Let z = 75 - 51. Let l = z - 0. Suppose -x = 3*x - l. What is the units digit of x?
6
Suppose -2*c = 5*k + 5, -3*c = -2*k - 1 - 1. Let n be (45/(-15))/(k/2). Suppose 0 = n*u - 189 - 63. What is the units digit of u?
2
Let f be 1/2 - 10/(-4). Suppose -96 = 4*n + f*i, -2*n - i - i - 48 = 0. Let m = 52 + n. What is the units digit of m?
8
Let l(g) = 17 - 9*g - 34 + 15. Let w be l(8). Let r = w + 127. What is the tens digit of r?
5
Let g = 1298 - 922. Let u = g - 197. Suppose -5*k = -u + 54. What is the tens digit of k?
2
Let v = -2353 - -6042. What is the units digit of v?
9
Let s(a) = -a**3 - a**2 - a. Let t(b) = -b**3 - 11*b**2 - 13*b - 11. Let p(n) = 2*s(n) - t(n). What is the tens digit of p(10)?
2
Let w be (0 + -1)/4 - (-930)/40. Suppose -2*l + 2*s + 24 = 2*l, w = 3*l + s. What is the units digit of l?
7
Suppose 94*m + 280 = 89*m. Let b = m - -298. What is the hundreds digit of b?
2
Suppose 0 = 10*n - 12*n - 274. What is the hundreds digit of n/1*(-7 + (-6)/(-1))?
1
What is the units digit of ((-5991)/15)/((-1)/5)?
7
Suppose 5*c = 90 + 5160. What is the tens digit of c?
5
Let n(j) = 22 + 61*j + 21 - 53. What is the tens digit of n(6)?
5
Let z = 318 - -771. What is the thousands digit of z?
1
Let j(o) = -4*o**3 - 13*o**2 - 7*o + 5. What is the tens digit of j(-5)?
1
Suppose -2 = -2*k - 5*r + 1, -4*k + 3*r = -19. Suppose -k*q + 97 = 5*x, 5*q + 36 = -3*x + 6*x. What is the tens digit of x?
1
Suppose -3*j + 159 = -4*g, -4*j + 0*j = 2*g - 190. Suppose -4*v - 76 = 20. Let p = v + j. What is the tens digit of p?
2
Suppose -6687 = -4*c - 3*i, -3*i = -5*c + i + 8320. What is the units digit of c?
8
Suppose -k - 10 = -52. Suppose 2*s - 10 - k = 0. Suppose 5*u + s + 94 = 5*z, 5*z = 2*u + 129. What is the units digit of z?
7
Suppose 0 = d - 0 - 31. Let j(r) = -7*r**2 + 2*r + 2. Let b be j(2). Let v = b + d. What is the units digit of v?
9
What is the units digit of ((-780)/(-5))/((-2)/(-18)*6)?
4
Suppose -2734 = -4*y - 2*b, -y + 1362 = y - 4*b. What is the units digit of y?
3
Suppose 4*n - 199 = -15. Let r = -30 + n. What is the tens digit of r?
1
Let n(d) = 4*d**2 - 28*d - 15. What is the units digit of n(12)?
5
Suppose 0 = -2*y - w - 52, 3*y - 3*w = -w - 64. Let g be 42/(-8)*(-64)/y. What is the units digit of (-2 + -8)*g/4?
5
Let t(q) = -q**3 - 7*q**2 - 8*q - 4. Let x be t(-6). Let a(b) = 2*b - 6. What is the tens digit of a(x)?
1
Suppose -l + 20 = -0. Suppose -6*o = -10 + 34. What is the tens digit of (-768)/(-15) + o/l?
5
Let o(s) = s**3 - 14*s**2 + 27*s + 3. Let x be o(12). What is the hundreds digit of 22*(-1 + x/6)?
1
Let v(u) = -2*u + 38*u**2 - 2*u + u**2 + 6*u. What is the tens digit of v(-1)?
3
Let p be (-1 - 18/(-10))/((-5)/(-25)). Let s be 10/3 + 2/3. Suppose -4*o + 67 + 81 = p*x, s*x = -o + 46. What is the units digit of o?
4
Let a = 948 + -412. Suppose -4*l = -0*l - a. What is the tens digit of l?
3
Let c = -11 - 26. Let x be 16/(-6)*5*462/220. Let g = x - c. What is the units digit of g?
9
Let q(w) = w**2 - 10*w - 11. What is the units digit of q(16)?
5
Let h = 542 + -18. What is the hundreds digit of h?
5
Suppose -77*t - 1050 = -91*t. What is the units digit of t?
5
Let d(p) = -2*p + 3. Let t be d(4). Let j(a) = a**2 + 5*a + 3. Let z be j(t). Suppose 86 = 5*v + z*h, -2*v + 4*h + 26 = h. What is th